{"id":762,"date":"2020-03-30T18:21:06","date_gmt":"2020-03-30T16:21:06","guid":{"rendered":"https:\/\/kpln.fr\/mode-et-nature\/?page_id=762"},"modified":"2020-08-13T19:32:10","modified_gmt":"2020-08-13T17:32:10","slug":"achat-en-ligne","status":"publish","type":"page","link":"https:\/\/kpln.fr\/mode-et-nature\/index.php\/achat-en-ligne\/","title":{"rendered":"Achat en ligne"},"content":{"rendered":"<p>Pour tout achat en ligne vous devez <a href=\"https:\/\/kpln.fr\/mode-et-nature\/index.php\/je-minscris\/\"><b>obligatoirement<\/b><b> activer votre compte et fournir les justificatifs demand\u00e9s<\/b><\/a>. Apr\u00e8s la validation de votre demande seulement, vous recevrez un code identifiant client que vous renseignerez dans les toutes les transactions que vous effectuerez avec notre entreprise.<\/p>\n<p><b>Demande activation de mon compte :<br \/>\n<\/b>1. T\u00e9l\u00e9charger vos justificatifs (Extrait Kbis)<br \/>\n2. Renseignez vos coordonn\u00e9es bancaires (joindre votre RIB)<br \/>\n3. Validation de votre demande<br \/>\n4. Vous recevrez votre code identifiant client (ce code est confidentiel et il nous permettra de vous proposer des offres personnalis\u00e9es).<\/p>\n<p><a href=\"https:\/\/kpln.fr\/mode-et-nature\/index.php\/je-minscris\/\" role=\"button\"><br \/>\nRemplir le formulaire d&rsquo;inscription<br \/>\n<\/a><\/p>\n<h4>Apr\u00e8s avoir rempli le formulaire entreprise, nous validerons votre demande par mail sous 48h.<\/h4>\n<p><strong><em>\u00c0 noter que la soumission de votre dossier se fait de fa\u00e7on s\u00e9curis\u00e9e. Les donn\u00e9es fournies sont strictement confidentielles et elles ne seront utilis\u00e9es que pour v\u00e9rifier les informations de votre entreprises et bancaires avant d\u2019accepter vos commandes. Nous souhaitons ainsi \u00e9tablir avec vous des relations de confiance et nous sommes heureux de vous compter parmi nos clients.<\/em><\/strong><\/p>\n<p><em>N\u2019h\u00e9sitez \u00e0 nous contacter en cas de besoin en nous envoyant un message en ligne. <\/em><em>Vous pouvez \u00e9galement contacter notre service clients au 04 94 07 13 18.<\/em><\/p>\n","protected":false},"excerpt":{"rendered":"<p>Pour tout achat en ligne vous devez obligatoirement activer votre compte et fournir les justificatifs demand\u00e9s. Apr\u00e8s la validation de votre demande seulement, vous recevrez un code identifiant client que vous renseignerez dans les toutes les transactions que vous effectuerez avec notre entreprise. Demande activation de mon compte : 1. T\u00e9l\u00e9charger vos justificatifs (Extrait Kbis) 2. Renseignez vos coordonn\u00e9es bancaires (joindre votre RIB) 3. Validation de votre demande 4. Vous recevrez votre code identifiant client (ce code est confidentiel et il nous permettra de vous proposer des offres personnalis\u00e9es). Remplir le formulaire d&rsquo;inscription Apr\u00e8s avoir rempli le formulaire entreprise, nous validerons votre demande par mail sous 48h. \u00c0 noter que la soumission de votre dossier se fait de fa\u00e7on s\u00e9curis\u00e9e. Les donn\u00e9es fournies sont strictement confidentielles et elles ne seront utilis\u00e9es que pour v\u00e9rifier les informations de votre entreprises et bancaires avant d\u2019accepter vos commandes. Nous souhaitons ainsi \u00e9tablir avec vous des relations de confiance et nous sommes heureux de vous compter parmi nos clients. N\u2019h\u00e9sitez \u00e0 nous contacter en cas de besoin en nous envoyant un message en ligne. Vous pouvez \u00e9galement contacter notre service clients au 04 94 07 13 18.<\/p>\n","protected":false},"author":1,"featured_media":0,"parent":0,"menu_order":0,"comment_status":"closed","ping_status":"closed","template":"","meta":{"_monsterinsights_skip_tracking":false,"_monsterinsights_sitenote_active":false,"_monsterinsights_sitenote_note":"","_monsterinsights_sitenote_category":0},"yoast_head":"<!-- This site is optimized with the Yoast SEO plugin v17.0 - https:\/\/yoast.com\/wordpress\/plugins\/seo\/ -->\n<title>Achat en ligne - KPLN<\/title>\n<meta name=\"robots\" content=\"index, follow, max-snippet:-1, max-image-preview:large, max-video-preview:-1\" \/>\n<link rel=\"canonical\" href=\"https:\/\/kpln.fr\/mode-et-nature\/index.php\/achat-en-ligne\/\" \/>\n<meta property=\"og:locale\" content=\"fr_FR\" \/>\n<meta property=\"og:type\" content=\"article\" \/>\n<meta property=\"og:title\" content=\"Achat en ligne - KPLN\" \/>\n<meta property=\"og:description\" content=\"Pour tout achat en ligne vous devez obligatoirement activer votre compte et fournir les justificatifs demand\u00e9s. Apr\u00e8s la validation de votre demande seulement, vous recevrez un code identifiant client que vous renseignerez dans les toutes les transactions que vous effectuerez avec notre entreprise. Demande activation de mon compte : 1. T\u00e9l\u00e9charger vos justificatifs (Extrait Kbis) 2. Renseignez vos coordonn\u00e9es bancaires (joindre votre RIB) 3. Validation de votre demande 4. Vous recevrez votre code identifiant client (ce code est confidentiel et il nous permettra de vous proposer des offres personnalis\u00e9es). Remplir le formulaire d&rsquo;inscription Apr\u00e8s avoir rempli le formulaire entreprise, nous validerons votre demande par mail sous 48h. \u00c0 noter que la soumission de votre dossier se fait de fa\u00e7on s\u00e9curis\u00e9e. Les donn\u00e9es fournies sont strictement confidentielles et elles ne seront utilis\u00e9es que pour v\u00e9rifier les informations de votre entreprises et bancaires avant d\u2019accepter vos commandes. Nous souhaitons ainsi \u00e9tablir avec vous des relations de confiance et nous sommes heureux de vous compter parmi nos clients. N\u2019h\u00e9sitez \u00e0 nous contacter en cas de besoin en nous envoyant un message en ligne. Vous pouvez \u00e9galement contacter notre service clients au 04 94 07 13 18.\" \/>\n<meta property=\"og:url\" content=\"https:\/\/kpln.fr\/mode-et-nature\/index.php\/achat-en-ligne\/\" \/>\n<meta property=\"og:site_name\" content=\"KPLN\" \/>\n<meta property=\"article:modified_time\" content=\"2020-08-13T17:32:10+00:00\" \/>\n<meta name=\"twitter:card\" content=\"summary_large_image\" \/>\n<meta name=\"twitter:label1\" content=\"Dur\u00e9e de lecture est.\" \/>\n\t<meta name=\"twitter:data1\" content=\"1 minute\" \/>\n<script type=\"application\/ld+json\" class=\"yoast-schema-graph\">{\"@context\":\"https:\/\/schema.org\",\"@graph\":[{\"@type\":\"WebSite\",\"@id\":\"https:\/\/kpln.fr\/mode-et-nature\/#website\",\"url\":\"https:\/\/kpln.fr\/mode-et-nature\/\",\"name\":\"KPLN\",\"description\":\"Made in France\",\"potentialAction\":[{\"@type\":\"SearchAction\",\"target\":{\"@type\":\"EntryPoint\",\"urlTemplate\":\"https:\/\/kpln.fr\/mode-et-nature\/?s={search_term_string}\"},\"query-input\":\"required name=search_term_string\"}],\"inLanguage\":\"fr-FR\"},{\"@type\":\"WebPage\",\"@id\":\"https:\/\/kpln.fr\/mode-et-nature\/index.php\/achat-en-ligne\/#webpage\",\"url\":\"https:\/\/kpln.fr\/mode-et-nature\/index.php\/achat-en-ligne\/\",\"name\":\"Achat en ligne - KPLN\",\"isPartOf\":{\"@id\":\"https:\/\/kpln.fr\/mode-et-nature\/#website\"},\"datePublished\":\"2020-03-30T16:21:06+00:00\",\"dateModified\":\"2020-08-13T17:32:10+00:00\",\"breadcrumb\":{\"@id\":\"https:\/\/kpln.fr\/mode-et-nature\/index.php\/achat-en-ligne\/#breadcrumb\"},\"inLanguage\":\"fr-FR\",\"potentialAction\":[{\"@type\":\"ReadAction\",\"target\":[\"https:\/\/kpln.fr\/mode-et-nature\/index.php\/achat-en-ligne\/\"]}]},{\"@type\":\"BreadcrumbList\",\"@id\":\"https:\/\/kpln.fr\/mode-et-nature\/index.php\/achat-en-ligne\/#breadcrumb\",\"itemListElement\":[{\"@type\":\"ListItem\",\"position\":1,\"name\":\"Accueil\",\"item\":\"https:\/\/kpln.fr\/mode-et-nature\/\"},{\"@type\":\"ListItem\",\"position\":2,\"name\":\"Achat en ligne\"}]}]}<\/script>\n<!-- \/ Yoast SEO plugin. -->","yoast_head_json":{"title":"Achat en ligne - KPLN","robots":{"index":"index","follow":"follow","max-snippet":"max-snippet:-1","max-image-preview":"max-image-preview:large","max-video-preview":"max-video-preview:-1"},"canonical":"https:\/\/kpln.fr\/mode-et-nature\/index.php\/achat-en-ligne\/","og_locale":"fr_FR","og_type":"article","og_title":"Achat en ligne - KPLN","og_description":"Pour tout achat en ligne vous devez obligatoirement activer votre compte et fournir les justificatifs demand\u00e9s. Apr\u00e8s la validation de votre demande seulement, vous recevrez un code identifiant client que vous renseignerez dans les toutes les transactions que vous effectuerez avec notre entreprise. Demande activation de mon compte : 1. T\u00e9l\u00e9charger vos justificatifs (Extrait Kbis) 2. Renseignez vos coordonn\u00e9es bancaires (joindre votre RIB) 3. Validation de votre demande 4. Vous recevrez votre code identifiant client (ce code est confidentiel et il nous permettra de vous proposer des offres personnalis\u00e9es). Remplir le formulaire d&rsquo;inscription Apr\u00e8s avoir rempli le formulaire entreprise, nous validerons votre demande par mail sous 48h. \u00c0 noter que la soumission de votre dossier se fait de fa\u00e7on s\u00e9curis\u00e9e. Les donn\u00e9es fournies sont strictement confidentielles et elles ne seront utilis\u00e9es que pour v\u00e9rifier les informations de votre entreprises et bancaires avant d\u2019accepter vos commandes. Nous souhaitons ainsi \u00e9tablir avec vous des relations de confiance et nous sommes heureux de vous compter parmi nos clients. N\u2019h\u00e9sitez \u00e0 nous contacter en cas de besoin en nous envoyant un message en ligne. Vous pouvez \u00e9galement contacter notre service clients au 04 94 07 13 18.","og_url":"https:\/\/kpln.fr\/mode-et-nature\/index.php\/achat-en-ligne\/","og_site_name":"KPLN","article_modified_time":"2020-08-13T17:32:10+00:00","twitter_card":"summary_large_image","twitter_misc":{"Dur\u00e9e de lecture est.":"1 minute"},"schema":{"@context":"https:\/\/schema.org","@graph":[{"@type":"WebSite","@id":"https:\/\/kpln.fr\/mode-et-nature\/#website","url":"https:\/\/kpln.fr\/mode-et-nature\/","name":"KPLN","description":"Made in France","potentialAction":[{"@type":"SearchAction","target":{"@type":"EntryPoint","urlTemplate":"https:\/\/kpln.fr\/mode-et-nature\/?s={search_term_string}"},"query-input":"required name=search_term_string"}],"inLanguage":"fr-FR"},{"@type":"WebPage","@id":"https:\/\/kpln.fr\/mode-et-nature\/index.php\/achat-en-ligne\/#webpage","url":"https:\/\/kpln.fr\/mode-et-nature\/index.php\/achat-en-ligne\/","name":"Achat en ligne - KPLN","isPartOf":{"@id":"https:\/\/kpln.fr\/mode-et-nature\/#website"},"datePublished":"2020-03-30T16:21:06+00:00","dateModified":"2020-08-13T17:32:10+00:00","breadcrumb":{"@id":"https:\/\/kpln.fr\/mode-et-nature\/index.php\/achat-en-ligne\/#breadcrumb"},"inLanguage":"fr-FR","potentialAction":[{"@type":"ReadAction","target":["https:\/\/kpln.fr\/mode-et-nature\/index.php\/achat-en-ligne\/"]}]},{"@type":"BreadcrumbList","@id":"https:\/\/kpln.fr\/mode-et-nature\/index.php\/achat-en-ligne\/#breadcrumb","itemListElement":[{"@type":"ListItem","position":1,"name":"Accueil","item":"https:\/\/kpln.fr\/mode-et-nature\/"},{"@type":"ListItem","position":2,"name":"Achat en ligne"}]}]}},"_links":{"self":[{"href":"https:\/\/kpln.fr\/mode-et-nature\/index.php\/wp-json\/wp\/v2\/pages\/762"}],"collection":[{"href":"https:\/\/kpln.fr\/mode-et-nature\/index.php\/wp-json\/wp\/v2\/pages"}],"about":[{"href":"https:\/\/kpln.fr\/mode-et-nature\/index.php\/wp-json\/wp\/v2\/types\/page"}],"author":[{"embeddable":true,"href":"https:\/\/kpln.fr\/mode-et-nature\/index.php\/wp-json\/wp\/v2\/users\/1"}],"replies":[{"embeddable":true,"href":"https:\/\/kpln.fr\/mode-et-nature\/index.php\/wp-json\/wp\/v2\/comments?post=762"}],"version-history":[{"count":6,"href":"https:\/\/kpln.fr\/mode-et-nature\/index.php\/wp-json\/wp\/v2\/pages\/762\/revisions"}],"predecessor-version":[{"id":1122,"href":"https:\/\/kpln.fr\/mode-et-nature\/index.php\/wp-json\/wp\/v2\/pages\/762\/revisions\/1122"}],"wp:attachment":[{"href":"https:\/\/kpln.fr\/mode-et-nature\/index.php\/wp-json\/wp\/v2\/media?parent=762"}],"curies":[{"name":"wp","href":"https:\/\/api.w.org\/{rel}","templated":true}]}}